Let u(z) = 6*z**2 - 2*z - 5. Let t be u(5). Suppose -75 = -10*o + t. Suppose -o*g - 96 = -23*g. What are the prime factors of g?
2, 3
Suppose -31*h = -8*h - 20815. Let k = h - 514. List the prime factors of k.
17, 23
Let j(a) = a**2 + 6*a + 7. Let t be j(-5). Let d(p) = 2*p**3 - 5*p**3 + 78 - 2*p**t - 75 + 5*p**3 - p. List the prime factors of d(3).
2, 3
Let u(x) = -2*x**3 - 9*x**2 - 1. Let y be u(-5). Suppose -2*p + y - 14 = 0. Suppose 6 = 3*k, 309 = p*z - 3*k + 5*k. What are the prime factors of z?
61
Let s = -10 - -41. Suppose -4*j - 4*q = -408, -4*j - s = -q - 429. Let t = -37 + j. What are the prime factors of t?
3, 7
Suppose 3*r - 7*c + 2*c = -123, r + 2*c + 52 = 0. Let b(v) = -2*v + 81. Let p be b(-7). Let i = r + p. What are the prime factors of i?
7
Suppose m - 4 = 5*t, 4*m + 4*t + 40 = -40. List the prime factors of 11670/24 + 4/m.
2, 3
Let s be (75/(-15))/(1968/(-1966) - -1). Suppose 0 = -26*q + s + 7851. What are the prime factors of q?
491
Let u = 350 + -346. Suppose u*g - 552 = -21*b + 20*b, -2*b - 3*g + 1089 = 0. List the prime factors of b.
2, 3, 5
What are the prime factors of ((-492)/(-8))/(24/(-20))*(-1 + -523)?
5, 41, 131
Let b be (-2)/16 - (-1)/(16/66). Suppose b*v + l = 245, 5*v - 4*l = -26 + 306. What are the prime factors of v?
2, 3, 5
Suppose 0 = 3*b - 4*q - 1039, 3*b + 0*b + 5*q = 1057. Suppose -b = 2*h - 49. Let f = -79 - h. List the prime factors of f.
71
Let o(c) = 5*c**3 + 9*c**2 - 6*c - 81. List the prime factors of o(10).
13, 443
Suppose 0*t - 4*t = -4*x, 0 = -3*t - x - 8. Let r be 1/t*((-35)/(-5) + 1). List the prime factors of (-20)/40 - 982/r.
5, 7
Suppose -7*a - 3*y - 2 = -6*a, -2 = -2*a - 3*y. List the prime factors of (-5343)/(-4) - 3/a.
3, 5, 89
Let j(a) = -a**2 + 4*a + 1666. Let y be j(0). Suppose 13*r = 6*r + y. Suppose 2*g - r = -2*l - 0*g, -3*g + 476 = 4*l. List the prime factors of l.
7, 17
Let s = 4318 + -802. List the prime factors of s.
2, 3, 293
Let l(n) = 142*n**2 - 115*n + 495. List the prime factors of l(4).
3, 769
Let n(d) = 2*d**3 + 136*d**2 - d + 61. What are the prime factors of n(-62)?
3, 571
Let t = -12 + 17. Let w(q) = 382*q**2 + 4*q + 5. Let r be w(-1). Suppose -r = -t*k - 3*a + a, 0 = 5*k - 5*a - 355. What are the prime factors of k?
3, 5
Let y(i) = -10*i**3 - 4*i**2 + 17*i + 2. What are the prime factors of y(-6)?
2, 479
Let f = -326 - -321. Let g(k) = 26*k**2 - 4*k + 26. List the prime factors of g(f).
2, 3, 29
Suppose 6 = -2*m + d - 5*d, -3*m + 35 = -5*d. Suppose -m*b - 408 = -2358. What are the prime factors of b?
2, 3, 5, 13
Let y = -46 - -58. Suppose m + 5*i + y = 0, 5*m + i - 32 = -i. List the prime factors of (-621)/(-6) + 4/m.
2, 13
Suppose 66 + 3 = -3*b. Let n be (46/(-10) + 4)*-75. Let c = n + b. List the prime factors of c.
2, 11
Let v(q) = 2*q**2 + 9 - 3*q**2 - 5*q + 4*q**2 - 2*q**2. Let o be v(4). Suppose 267 = o*m - 2*j + 17, 2*j - 50 = -m. List the prime factors of m.
2, 5
Let d(y) = -y**3 - 5*y**2 + 17*y + 17. Suppose -4*w + 5*m - 28 = 0, 0*m = 2*w + m. Let p be 6/(-3) - (8 + w). What are the prime factors of d(p)?
73
Suppose -17*l + 0 = 119. What are the prime factors of 4/3 + (l - 8739/(-27))?
2, 3, 53
Let i be (-16 - 4476)*38/(-8). Suppose -20488 = -35*h + i. List the prime factors of h.
5, 239
Let b(r) = 5*r + 97. Suppose -d = 3*m - 2*m, 0 = -5*d - m. List the prime factors of b(d).
97
Suppose -3*s + 12 = 2*j, 24*s - 27*s + 3 = -j. Let m be ((-20)/6 + 3)*-15. Suppose -b + m*n = -s*b + 105, 0 = 5*n. What are the prime factors of b?
3, 5, 7
Let x(s) = 4*s**2 + 32*s + 196. Let j(z) = -3*z**2 - 22*z - 131. Let l(v) = -7*j(v) - 5*x(v). List the prime factors of l(26).
457
Let p = 356 + -191. Suppose -6*c = n - 2*c - 21, -3*c - 3 = -3*n. Suppose p = n*r - 105. What are the prime factors of r?
2, 3
Suppose 3792 = -5*c - l, -2284 = 3*c - 9*l + 14*l. Let w = 2295 + c. What are the prime factors of w?
29, 53
Let o(m) = 14*m**2 + 602*m + 26. List the prime factors of o(-48).
2, 1693
Let i(w) = -2*w**3 - 3*w**2 + 102*w - 2. Let l(p) = 2*p**3 + 2*p**2 - 100*p + 3. Let a(o) = -5*i(o) - 4*l(o). List the prime factors of a(8).
2, 5, 59
What are the prime factors of (-17961)/(-2) + (38/4 - (-18)/(-2))?
7, 1283
Let z(h) = 16*h - 6. Let u(r) be the third derivative of -11*r**4/8 + 13*r**3/6 + 10*r**2. Let x(p) = 3*u(p) + 7*z(p). What are the prime factors of x(4)?
7
Let t be 3 - 1/(-4)*-4. Suppose -17 + 27 = t*m. Suppose 2*d - 36 = -m*j + 79, 237 = 4*d + 3*j. What are the prime factors of d?
2, 3, 5
Suppose 3*x - 938 = 124. Let d be (4 - -17)*552/28. Suppose -8*k + d = -x. What are the prime factors of k?
2, 3
Suppose 197 = -6*m - 217. Let z = m - -73. Suppose 84 = z*o - 16. List the prime factors of o.
5
Suppose 3*a - 6808 = -4*i, 0 = 3*i - 3*a + 2*a - 5093. Suppose -4*w + j = -3*j - 1356, -4*j - i = -5*w. What are the prime factors of w?
7
Let o = 30158 - 4657. What are the prime factors of o?
7, 3643
Let u(l) = -5*l - 38. Let c be u(-8). Suppose -c*o = -8*o + 564. Suppose 90*r = o*r - 156. List the prime factors of r.
3, 13
Suppose 43*c - 5*l - 24315 = 40*c, -l + 32443 = 4*c. List the prime factors of c.
2, 5, 811
Suppose -3*k + 2*g + 7090 = 0, 5323 + 1779 = 3*k + g. Suppose 10*w = k + 4544. List the prime factors of w.
691
Suppose 0 = -5*x - 12*a + 7*a + 39410, -5*x - 2*a + 39410 = 0. List the prime factors of x.
2, 7, 563
Let f = -53 + 56. Suppose 0 = 3*s + f*k - 333, 3*k - 553 = -0*s - 5*s. Suppose -6*c + s = -748. List the prime factors of c.
11, 13
Let z(y) = -5*y**3 - 2*y**2 - 5*y - 2. Let i(u) = u**3 + u**2. Let a(o) = -6*i(o) - z(o). Let k be a(-5). Let x = 13 + k. List the prime factors of x.
3, 5
Let h be ((-14 - 0)/7)/(2/13). Let u(w) = -163*w - 194. List the prime factors of u(h).
5, 7, 11
What are the prime factors of 1190350/84 + (-93)/(-18) + -5?
37, 383
Let y = 31158 + -19643. What are the prime factors of y?
5, 7, 47
Let z(h) = 1425*h**2 + 2*h + 26. List the prime factors of z(-3).
5, 7, 367
Suppose 2*t + 14*t = -11*t + 53271. What are the prime factors of t?
1973
Let k = -4529 - -13382. What are the prime factors of k?
3, 13, 227
Let j = -281 + 323. Let a = j - -166. List the prime factors of a.
2, 13
Suppose -2*c + 9 = 5*t, 3*c + t = c + 5. Let q(u) be the third derivative of 131*u**4/24 - u**3 + u**2 + 44. What are the prime factors of q(c)?
2
Suppose 2*s - 14 = -26. What are the prime factors of 2/(s/3906*-6)?
7, 31
Let a = -89636 + 130942. List the prime factors of a.
2, 19, 1087
Suppose 705*a + 7808 = 706*a. List the prime factors of a.
2, 61
Let r(v) = 151*v + 81. Let a be r(13). Suppose 7*y + a = 21*y. List the prime factors of y.
2, 73
Suppose 23 = 6*m - 7. Suppose -m*g + 14 = 2*g. Let x(l) = 49*l**2 - 5*l + 14. List the prime factors of x(g).
2, 5
Suppose -2*x - 2*r - 51 = -7*x, 24 = 2*x - 2*r. Let d(b) = b**2 - 11*b - 22. Let g be d(x). List the prime factors of g/(-30) - 238*4/(-6).
2, 5
Suppose -f + 11 = 2*b, 5*b = -4*f + 65 - 9. Suppose 0 = -4*n + 5 + f. Suppose 235 = 4*u - 3*r, 5*u - n*u + 2*r = -60. List the prime factors of u.
2, 29
Let f(n) = -22*n**2 + 880*n + 11. Let k be f(40). Let p be (55 - 0) + 1 + -3. Let w = p + k. List the prime factors of w.
2
Let x = 92539 + -42669. What are the prime factors of x?
2, 5, 4987
Let a(d) = 2093*d - 207. List the prime factors of a(3).
2, 3, 11, 23
Let p(l) = l**2 + 4*l + 4. Let i be p(-4). Suppose 3906 = 10*y - 484. Suppose 0 = 3*h + i*g - 270, 8*h = 3*h - 3*g + y. What are the prime factors of h?
2, 43
Let g(f) = 192*f + 4160. List the prime factors of g(84).
2, 317
Let f(v) = 551*v**3 + 5*v**2 - 3*v - 23. List the prime factors of f(4).
17, 31, 67
Suppose 11*v = 6*v + 3*j - 20, -j - 16 = 4*v. List the prime factors of 1*-2 - (-387 - (1 + v)).
2, 191
Let b(t) = 2*t - 15. Let w be b(10). Suppose 0 = -r + 2*d - 12 - 9, r = -w*d + 7. Let a(m) = -11*m + 12. What are the prime factors of a(r)?
5, 31
What are the prime factors of 126/14 + 223 + 6?
2, 7, 17
Let d(u) = 30*u**3 + 4*u**2 + 5*u + 6. Let z be d(-2). What are the prime factors of (2582/6 + 1)/((-76)/z)?
2, 647
Suppose 4*f + 18*v = 17*v + 5372, f + 4*v = 1343. Let z = f + -775. What are the prime factors of z?
2, 71
Let d be (1/(-15)*-9)/((-1)/(-5)). Suppose -28 - 42 = -2*v - d*x, -4*v = 2*x - 132. Suppose v = 5*b - 48. List the prime factors of